 + 836 + 538. List the prime factors of t.
2, 229
Let m be (-3680)/100*5*1/(-2). List the prime factors of m/6 - (128/24)/(-8).
2
Let x = -165 + 385. What are the prime factors of x?
2, 5, 11
Suppose 818 = 5*v - 202. List the prime factors of v.
2, 3, 17
Suppose 0 = 3*g + 2*y + 8 - 72, y = 5*g - 98. Let x = g - 18. Suppose 0 = -x*w - w + 9. List the prime factors of w.
3
Suppose 0 = -0*v + v - 4, -v + 2696 = -4*p. List the prime factors of p/(-3) - (-2)/3.
3, 5
Let r be -2 + 9 - 1 - -2. Let k be 302/1 + (-6 + 2)*-1. Suppose 2*c = r*c - k. What are the prime factors of c?
3, 17
Let l = 7 + -3. Suppose l*p = -5*f - 20, f - p + 20 = -5*p. Suppose -4*w - 4 = f, 0 = -3*c - 2*w + 4*w + 86. What are the prime factors of c?
2, 7
Suppose 5*a + 6 = 4*q + 41, -5*a - 3*q = 0. Let w(r) = -7*r + 3*r**2 - 3 + 3*r + 2*r. List the prime factors of w(a).
2, 3
Suppose -277 - 27 = -3*h + 2*b, 0 = 4*h + 2*b - 424. Let s(w) = -4*w - 23. Let x be s(-7). Suppose h = x*p - p. List the prime factors of p.
2, 13
Let u = -179 + 294. Suppose -2*v - u = -7*v. List the prime factors of v.
23
Let f(x) = -x**2 + 27*x - 106. List the prime factors of f(13).
2, 19
Let a = -34 - -8. Let h = -21 - a. List the prime factors of h.
5
Suppose 10*y + 1938 = 16*y. Let d = y + -109. What are the prime factors of d?
2, 107
Suppose 3*u = 16*u - 1612. What are the prime factors of 0 - u/6*-6?
2, 31
Let m = 171 - -179. Suppose -9*x = -2*x - m. What are the prime factors of x?
2, 5
Suppose 4*r + 2*u - 214 = 3*u, -2*r - u + 110 = 0. Let j = r - 27. What are the prime factors of j?
3
Suppose 0 = -2*m - s - s + 430, -185 = -m + 5*s. List the prime factors of m.
2, 3, 5, 7
Let d(b) = 103*b**2 + 32*b - 83. List the prime factors of d(3).
2, 5, 47
Suppose 5*h - 6*g - 90 = -4*g, -15 = -2*h + 5*g. Let q = h - 16. Suppose 2*m - 106 = -4*u + 78, q*m = -2*u + 98. What are the prime factors of u?
3, 5
Let g = 681 + -417. Let a = 385 - g. List the prime factors of a.
11
Suppose w = 3*w - 100. Suppose k = -0*k + w. Suppose -v + 4*v - 5*y = 61, -5*v = 2*y - k. What are the prime factors of v?
2, 3
Let r(k) = 2 + 0 - 4*k**2 + 6*k**2 + 14*k - 21*k. What are the prime factors of r(5)?
17
Suppose -x - 139 = -254. What are the prime factors of x?
5, 23
Suppose 0*x = 2*x + 4. Let n(c) = -c**2 - 3*c + 29. Let i be n(5). Let v = x - i. List the prime factors of v.
3
What are the prime factors of 1610 + 198/(-18) + -1*2?
1597
Suppose 2*t = -4*x + 1018 + 1568, -x = -5*t + 6509. List the prime factors of t.
1301
Let l(f) = 12*f - 9. Let q = 11 + -5. Suppose k = -2 + q. What are the prime factors of l(k)?
3, 13
Let g(y) = -6*y - 10. Let t be g(-3). Let s(o) = 19*o - 18. List the prime factors of s(t).
2, 67
Let m = 470 - 433. What are the prime factors of m?
37
Let a be (-1426)/155 - 2/(-10). Let h(q) = -10*q + 5. List the prime factors of h(a).
5, 19
Let p(z) = z**3 + 13*z**2 + 18*z + 17. List the prime factors of p(-7).
5, 37
Suppose -7140 = -14*g + 9*g. What are the prime factors of g?
2, 3, 7, 17
Let g(r) = 17*r**3 - 2*r**2 - 2*r - 1. Let l be g(-1). What are the prime factors of ((-30)/l)/(2/(-24)*-2)?
2, 5
Suppose -69*i + 72762 = -2*i. What are the prime factors of i?
2, 3, 181
Let h = -59 - -59. Let n(z) = -z**2 + 5*z + 50. What are the prime factors of n(h)?
2, 5
Let a = 2427 + -1654. List the prime factors of a.
773
Suppose 5*q - 109 - 36 = 0. Suppose q*f - 24*f = 740. List the prime factors of f.
2, 37
Let g(m) = -5*m**3 - 30*m**2 + 35*m - 26. Let b(v) = 3*v**3 + 20*v**2 - 23*v + 17. Let l(r) = 8*b(r) + 5*g(r). What are the prime factors of l(8)?
2, 31
Let x = 34 + -39. Let y(k) = 2*k**2 - k - 3. List the prime factors of y(x).
2, 13
Let h = -20 + 36. Suppose 11*r - h*r + 390 = 0. What are the prime factors of r?
2, 3, 13
Suppose 4 = 3*s - 2. Suppose s*q = 4*q. Suppose q = -2*k, -5*k + 40 = u + u. List the prime factors of u.
2, 5
Suppose 14362 = 4*m + 3*d, -9*m = -13*m + 3*d + 14350. List the prime factors of m.
37, 97
Let a be (5 + -2 - 2) + (1 - 0). List the prime factors of 3/a + (-5076)/(-24).
3, 71
Let a be (-70)/6 + (-3)/((-63)/(-28)). Let d = a - -138. What are the prime factors of d?
5
Let q(i) = -5*i**3 + 2*i**2 + i + 2. Let y be q(-2). Suppose -4*w = f - 30, 4*f - 2*f - y = 4*w. Suppose v = f - 2. What are the prime factors of v?
2, 3
Let s be (-1846)/(-10) - (-27)/(-45). Let k = s - 48. Suppose 0*o = -4*o - 8, -k = -5*r - 2*o. What are the prime factors of r?
2, 7
Let b(v) = -7*v - 9. Let a be b(-4). Let p be 2/(4/(-14) + 0). Let c = p + a. List the prime factors of c.
2, 3
Suppose 18*r + 30 + 2292 = 0. Let m = 236 + r. List the prime factors of m.
107
Suppose 0 = 3*o + 7 - 13. Suppose 0 = -o*p - 68 + 174. Let n = -13 + p. List the prime factors of n.
2, 5
Suppose -2*t + 2*a - 1 = -3, 3*a = -5*t - 3. Suppose t = n + 6 - 37. What are the prime factors of n?
31
Let m = -59 + 59. List the prime factors of (4/2 + 56)/(m - -1).
2, 29
Suppose 2*h - 4*o - 22 = 0, -5*h - o + 2 = -9. List the prime factors of 208/h - 2/6.
3, 23
Let a be 2 + (-2 + -216)*1. Let j be (a/(-16))/(2/4). List the prime factors of -20*(j/(-6))/3.
2, 3, 5
Let p be 38/4 - (-1)/2. Let w = 26 + p. Let l = w + -13. What are the prime factors of l?
23
Let g be (-21)/(-2) + 2/4. Let m(r) be the first derivative of r**4/4 - 11*r**3/3 + 5*r**2/2 - 15*r + 68. List the prime factors of m(g).
2, 5
Let t(p) = -55*p - 4. Let c be t(-3). Let m = 229 - c. What are the prime factors of m?
2, 17
Suppose 0 = -2*u + b + 1566 + 814, -5*b = -5*u + 5950. What are the prime factors of u?
2, 5, 7, 17
List the prime factors of (2770/25)/(6/(-360)*-6).
2, 277
Suppose 5*x - 2*x + 66 = 0. Let i = -9 - x. List the prime factors of (-14)/(-2)*(14 - i).
7
Suppose 28 = 35*n - 31*n. Let q(z) = 4 - 3 + 1 - 12*z + 2*z**2. What are the prime factors of q(n)?
2
Let p = 2675 - -1509. What are the prime factors of p?
2, 523
Suppose -4*t = -n + 106, -2*n - n - 46 = 2*t. Let a(s) = 44*s**3 - 3*s**2 + s + 2. Let d be a(1). Let q = t + d. List the prime factors of q.
2, 3
Let g(j) = 5*j**2 + 3*j - 4. Let o(q) = q**2. Let z(h) = g(h) - 4*o(h). Let c be z(-3). List the prime factors of 3/((-6)/c) - -4.
2, 3
Let t be 20/6*(-4 - (-104)/20). Suppose 9*r + 3*v = t*r + 185, 0 = -2*r - 2*v + 70. What are the prime factors of r?
2, 5
Suppose 22*i = 18*i + 1880. What are the prime factors of i?
2, 5, 47
Let c be -8*(-1)/2 + -3. Suppose 3*k - 70 = -c. List the prime factors of k.
23
Let h be (3/2)/(3/10). Let v(f) = -f + 1. Let a be v(h). Let x(k) = 2*k**2 - 4*k - 2. What are the prime factors of x(a)?
2, 23
Let c = -5507 - -8381. List the prime factors of c.
2, 3, 479
Suppose -6*h + 5*h = -4. Suppose -3*q - m = -229, -4*q - m = h*m - 298. List the prime factors of q.
7, 11
Let i(a) = -21*a + 332. What are the prime factors of i(-34)?
2, 523
Let q(w) = 14*w - 7. Let c(p) = 2*p**2 + 2*p + 1. Let o be c(-2). Suppose -3*j + 4 = -o. What are the prime factors of q(j)?
5, 7
Suppose 3*r + 6 = 0, -j + 4*r = 2*r - 10. Let w(m) = m - 9. Let c be w(j). Let a(o) = -8*o - 1. What are the prime factors of a(c)?
23
What are the prime factors of 1822/2 - (0 + 1)?
2, 5, 7, 13
Suppose 3*n + 1108 = 2*f, 3*n + 400 + 712 = 4*f. What are the prime factors of n/2*(-3)/6?
2, 23
Suppose 12*p - 13*p - 199 = 0. Let y = -118 - p. What are the prime factors of y?
3
Let s be 43 + (-3)/((-3)/(-1)). Let h be (s/9)/(2/18). Suppose 5*j = h + 98. What are the prime factors of j?
2, 7
Suppose -3*v = 9, 9 = n - 0*n - 2*v. Suppose n*s - s = -54. Let t = -11 - s. List the prime factors of t.
2
Let l(x) = 239*x**2 - 36*x + 123. What are the prime factors of l(4)?
3803
Let y(j) = -j**2 + 7*j. Let f be y(5). Suppose z + f = 6. What are the prime factors of z/(-10) + 226/10?
23
Suppose 2*p + t + 131 = -0*t, 4*p = 5*t - 227. Let k be ((-36)/(-27) + 1)*(1 - 55). Let n = p - k. List the prime factors of n.
3, 7
Suppose -8*y = -23260 - 7468. List the prime factors of y.
23, 167
Let z(o) = -o**2 - o. Let q be z(-3). What are the prime factors of 2/1*12*q/(-9)?
2
Let v be 1346/18 - 4/(-18). Let q = v - 11. What are the prime factors of q?
2
Let k = 586 + -490. List the prime factors of k.
2, 3
What are the prime factors of 640/6*(-30)/(-10)?
2, 5
Let i(r) = -18*r + 3. Let b be i(-9). Suppose -5*z + b = 2*x + 3*x, 3*z = 5*x - 